z). Let h be s(-6). Let t = h - -3. What is the units digit of t?
2
Suppose 2*b + b + a = 2, 5*a = -2*b - 3. Suppose -2*o + b = 5*h, 3*h + 10 = -3*o + 7*h. What is the tens digit of (o - 5)*(-60)/35?
1
What is the thousands digit of (12/15)/(-2) + (-6757)/(-5)?
1
Suppose 0 = q - 3*g - 595 - 544, 3*q - 3417 = -3*g. What is the hundreds digit of q?
1
Suppose -18 = 7*i - 8*i. Let c = i - 16. Suppose -2*x = 2*q - 10, c*q = -4*x - q + 20. What is the units digit of x?
5
Let l = -769 + 1297. What is the hundreds digit of l?
5
Let i(s) = -3*s - 6. Let m be i(4). Let w = 38 + m. Suppose 0 = -6*n + 7*n - w. What is the units digit of n?
0
Suppose -4*x + 8 = 0, -99*x + 101*x = 3*i - 10211. What is the units digit of i?
5
Suppose 0 = 4*u - 311 - 809. What is the units digit of u?
0
Let j = 33 + -39. Let h be (85/51)/(2/j). What is the units digit of (-4)/((-10)/h) - -55?
3
Let h(m) = 34*m - 11. Let y be (-38)/(-8) - 1/(-4). Let l be h(y). What is the units digit of l/15 + 8/20?
1
Let t(o) = 0*o - 2*o + 0*o - 11 + 5*o + 2*o**2. What is the tens digit of t(5)?
5
Let m(q) = -q + q**2 - 4*q - 7*q + 1. Let n be -8 + 1 + 3 + 17. What is the units digit of m(n)?
4
Suppose o + 13 = -p, 2*o + 9 = -5*p - 8. Let d be (-4)/(o/20)*1. Suppose 5*m - 78 - 70 = 2*k, -95 = -3*m - d*k. What is the tens digit of m?
3
Let m(d) = -3*d - 79. Let z be m(-24). Let c(u) = -u**3 + u**2 + 18*u + 13. What is the units digit of c(z)?
9
Let y be ((-4)/2)/(4/(-10)). Suppose 10*o - 10 = y*o. Suppose o*i = 4*i - b - 6, b + 9 = 5*i. What is the units digit of i?
1
Let z(j) = -j**2 - 17*j + 3. Let p(g) = 3*g + 19. Let u be p(-12). Let m be z(u). Suppose -a - m*a + 140 = 0. What is the units digit of a?
5
Let m = 164 - 110. Suppose 2*v + 2*u = 6, 5*v + u = -23 + m. What is the units digit of 59/v - (-3)/(-7)?
8
Let g be 7 + (-3 - 1/(-1)). Suppose 0 = -g*j + 718 - 118. What is the tens digit of j?
2
Let w be 9*(-2)/((-24)/20). Suppose 101 + w = -2*c. Let m = -35 - c. What is the tens digit of m?
2
Let b be 1 - (-28)/((-8)/2). Let v = 11 + b. Let i = 9 - v. What is the units digit of i?
4
Let t = 428 + 542. What is the tens digit of t?
7
Let x(o) = o**3 - o**2 + o + 44. Let v be x(0). Suppose -v = -u - u. What is the tens digit of u?
2
Let d be 6/4*(-1746)/(-27). Let q = d + -48. What is the tens digit of q?
4
Let y be (-1446)/9 + 2/3. Let s = 226 + y. What is the tens digit of s?
6
Let x be 2/(-9) - (-2534)/63. Suppose 0 = -2*a - 3*a + x. Suppose a*c - 4*c = u + 88, -3*u - 54 = -2*c. What is the tens digit of c?
2
Let a(o) = -o**2 + 18. Suppose -4*s = s + 15. Let c be 0 + 0/(s - -2). What is the tens digit of a(c)?
1
Let j(f) = -f**2 + 10*f - 6. Let z be (-2)/(-1*(-2)/(-4)). Suppose z*h - 11*h = -49. What is the units digit of j(h)?
5
Suppose 12*f - 3360 = -0*f. What is the hundreds digit of f?
2
Let d = 758 - 592. What is the units digit of d?
6
Let j be ((-6)/(-10))/((-1)/(-185)). Let k be (6 - (-4 + 7)) + 72. Let c = j - k. What is the tens digit of c?
3
What is the tens digit of 0 + (-6616)/(0 - 8)?
2
Let h = 51 - 53. Let f(k) = -54*k - 9. What is the units digit of f(h)?
9
Let r be 2 - ((-554)/(-5) + 2)*20. What is the units digit of r/(-30) + 2/(-15)?
5
Let r(i) = -2*i**2 - i - 1. Let o be r(-2). Let a(x) = -x**3 - 4*x**2 + 11*x + 1. What is the units digit of a(o)?
1
What is the units digit of (-745800)/(-270) - 6/27?
2
Let w = 23 + -27. Let n(v) = -3*v**2 - 8*v - 3. Let o be n(w). Let r = -11 - o. What is the units digit of r?
8
What is the tens digit of ((-225)/50)/((-3)/1042 - 0)?
6
Suppose 3*a - 31*k + 27*k = 4461, a - 1487 = 3*k. What is the thousands digit of a?
1
Let k = 338 + -111. What is the hundreds digit of k?
2
Let b(y) = 15*y + 16. What is the units digit of b(7)?
1
Let l = 69 - 122. Let w = l - -56. What is the units digit of w?
3
Suppose 0 = u - 2 + 5. Let s be u/2*20/(-15). Suppose -s*f + 88 = 4*c, -f + 6*f - 4*c = 164. What is the units digit of f?
6
Let x(k) = k - 10. Let n be x(11). Suppose -5*g - n - 19 = 0. What is the units digit of -1*g/(-16)*-4?
1
Let h = 11523 + -6728. What is the hundreds digit of h?
7
Let c(r) = -26*r**2 - 3*r + 29. Let p(b) = -9*b**2 - b + 10. Let a(z) = -3*c(z) + 8*p(z). What is the units digit of a(-6)?
3
Let s be 4 + 2*(-2 - 0). Suppose l - 5*y - 124 = s, 3*l + 2*y + 0*y - 338 = 0. What is the tens digit of l?
1
Let u = -124 - -244. Let h = 275 - u. What is the hundreds digit of h?
1
Let w = -167 - -326. Suppose 4*b + 5*m - w - 187 = 0, 6 = 3*m. What is the tens digit of b?
8
Let h(p) = 679*p**2 + p - 1. What is the tens digit of h(-1)?
7
Let p(r) = -17*r + 225. Let u(h) = 6*h - 75. Let m(f) = 3*p(f) + 8*u(f). What is the tens digit of m(0)?
7
Let m = -123 - -59. Let w = -17 - m. What is the units digit of w?
7
Let q = 923 + -93. What is the units digit of q?
0
Let s = 7 + -4. Suppose -3*i + 3 = -s, i = -2*r + 16. Let f = -1 + r. What is the units digit of f?
6
Let m = 11 - 0. Suppose -5 + m = 3*h. Suppose w = -h*w, 0 = 2*q - 4*w - 2. What is the units digit of q?
1
Let b = 492 - 205. What is the tens digit of b?
8
Suppose 0 = -3*b + 2*l + 3073, -7*b + 4*b + 3065 = -4*l. What is the hundreds digit of b?
0
Let l be 2/3*(-33)/(-22). Suppose -6*j + 5*i = -3*j + l, -2*j - 10 = -i. Let t(n) = 2*n**2 + 6*n - 1. What is the units digit of t(j)?
5
Let g(i) = 413*i**2 - i - 1. Let v be g(1). Suppose 3*p - v = 45. What is the units digit of p?
2
Suppose -475 = -5*w - 0*w - 5*s, 0 = -3*w + 3*s + 297. Suppose k = -3*h + w, -2*h - 113 = 5*k - 533. What is the tens digit of k?
8
Let h(r) = 6*r - 15. Let t be h(-4). What is the units digit of (-467)/(-4) + -3 + t/(-12)?
7
Let n = -50 + -62. Let f = -46 - n. What is the tens digit of f?
6
Let r = 391 + -116. What is the tens digit of r?
7
Suppose 4*z - 10 - 14 = 0. Suppose -z = -a + 4*a, -4*k + 846 = -3*a. What is the units digit of k?
0
Let j(c) = c**2 + c - 7. Let f be j(-5). Let b(v) = v**2 + v + 4. Let h be b(5). Suppose 12*m = f*m - h. What is the tens digit of m?
3
Let b(z) = 38*z + 4. What is the units digit of b(7)?
0
Let a(p) = -4*p - 9. Let n be a(-3). Let d(q) = 4*q**3 - 2*q**2 - 7. What is the tens digit of d(n)?
8
Suppose 3*f + 21 = -0*f. Let h(x) be the third derivative of -x**4/6 - 2*x**3/3 - 20*x**2. What is the units digit of h(f)?
4
Let f be 5*-1*(-10)/5. Let a(w) = 4*w - 15. Let q be a(f). Let t = q - 1. What is the tens digit of t?
2
Let p = -1573 - -2722. What is the thousands digit of p?
1
Let a be (-5)/(14 + -4)*-4. Suppose 87 = m + p, a*m + p = -2*m + 363. What is the units digit of m?
2
Suppose -z = -1, -4*y + 680 = z - 273. What is the tens digit of y?
3
What is the hundreds digit of 2/(-19) + 734140/893?
8
Let o(t) = t**3 - 14*t**2 + 21*t - 198. What is the thousands digit of o(20)?
2
Let p be (3/2)/((-9)/60). Let k be 146*(p/(-4) - 2). Suppose -3*z + k = -38. What is the tens digit of z?
3
Let n(h) = -h**3 + 4*h**2 + 5*h + 5. Let v be n(-2). Suppose 0 = 21*i - v*i - 260. What is the hundreds digit of i?
1
Let c = 43 - 12. Let k = -29 + c. Suppose -4*q = -4*t - k*q + 172, -2*q = 2*t - 86. What is the tens digit of t?
4
Let q = -231 + 265. What is the units digit of q?
4
Suppose 5*a = 8*a + 432. What is the tens digit of 1*15/3 - a?
4
What is the thousands digit of 3297/2*(1 - (-6)/(-18))?
1
Suppose 5*i = -4*f - 1962, 4*i + 1090 = -2*f - 476. What is the units digit of 2/7 - i/7?
6
Let i(u) = -104*u - 32. What is the units digit of i(-6)?
2
Let j = 398 - 152. What is the units digit of j?
6
Suppose g - 7 + 3 = 0. Suppose -5*x = -5*a - 280, -2*a = -a - g. Suppose x = 4*q - q. What is the units digit of q?
0
Let l = -1254 + 2134. What is the units digit of l?
0
Let x = -149 + 215. What is the units digit of 5358/x + 6/(-33)?
1
Let x be 2 + 5/(-2) + 614/4. Suppose 4*h - 753 + x = 0. What is the tens digit of h?
5
Let l(b) = -b**2. Let d be l(0). Let c be 4/(20/(-15))*2*-8. Suppose -6*g = -v - 3*g + c, d = -3*v - g + 94. What is the tens digit of v?
3
Let k = -160 - -284. Suppose 2*b = 3*a + 261, b - 5*a = 2*b - k. What is the tens digit of b?
2
Suppose -19*z = -31292 + 3400. What is the units digit of z?
8
Let v = 8 + -9. Let x be (-394)/4 - v/(-2). What is the tens digit of (-145)/(-11) - (-18)/x?
1
Let x be (-1 - 0) + 11 + -4. Let u be x - (2/1 + -1). Suppose a - 34 = u*o,